{"id":77,"date":"2023-06-15T03:32:12","date_gmt":"2023-06-15T03:32:12","guid":{"rendered":"https:\/\/constructoramaems.com\/?page_id=77"},"modified":"2023-12-04T18:02:54","modified_gmt":"2023-12-04T18:02:54","slug":"inicio","status":"publish","type":"page","link":"https:\/\/constructoramaems.com\/","title":{"rendered":"Inicio"},"content":{"rendered":"<style>\/*! elementor - v3.18.0 - 04-12-2023 *\/\n.elementor-widget-image{text-align:center}.elementor-widget-image a{display:inline-block}.elementor-widget-image a img[src$=\".svg\"]{width:48px}.elementor-widget-image img{vertical-align:middle;display:inline-block}<\/style>\n<p>\t\t\t\t\t\t\t\t\t\t\t\t<img loading=\"lazy\" decoding=\"async\" width=\"512\" height=\"512\" src=\"https:\/\/constructoramaems.com\/wp-content\/uploads\/2023\/01\/cropped-maems-icono-web.png\" alt=\"\" srcset=\"https:\/\/constructoramaems.com\/wp-content\/uploads\/2023\/01\/cropped-maems-icono-web.png 512w, https:\/\/constructoramaems.com\/wp-content\/uploads\/2023\/01\/cropped-maems-icono-web-300x300.png 300w, https:\/\/constructoramaems.com\/wp-content\/uploads\/2023\/01\/cropped-maems-icono-web-150x150.png 150w, https:\/\/constructoramaems.com\/wp-content\/uploads\/2023\/01\/cropped-maems-icono-web-475x475.png 475w, https:\/\/constructoramaems.com\/wp-content\/uploads\/2023\/01\/cropped-maems-icono-web-270x270.png 270w, https:\/\/constructoramaems.com\/wp-content\/uploads\/2023\/01\/cropped-maems-icono-web-192x192.png 192w, https:\/\/constructoramaems.com\/wp-content\/uploads\/2023\/01\/cropped-maems-icono-web-180x180.png 180w, https:\/\/constructoramaems.com\/wp-content\/uploads\/2023\/01\/cropped-maems-icono-web-32x32.png 32w\" sizes=\"(max-width: 512px) 100vw, 512px\" \/>\t\t\t\t\t\t\t\t\t\t\t\t\t\t\t<\/p>\n<style>\/*! elementor - v3.18.0 - 04-12-2023 *\/\n.elementor-column .elementor-spacer-inner{height:var(--spacer-size)}.e-con{--container-widget-width:100%}.e-con-inner>.elementor-widget-spacer,.e-con>.elementor-widget-spacer{width:var(--container-widget-width,var(--spacer-size));--align-self:var(--container-widget-align-self,initial);--flex-shrink:0}.e-con-inner>.elementor-widget-spacer>.elementor-widget-container,.e-con>.elementor-widget-spacer>.elementor-widget-container{height:100%;width:100%}.e-con-inner>.elementor-widget-spacer>.elementor-widget-container>.elementor-spacer,.e-con>.elementor-widget-spacer>.elementor-widget-container>.elementor-spacer{height:100%}.e-con-inner>.elementor-widget-spacer>.elementor-widget-container>.elementor-spacer>.elementor-spacer-inner,.e-con>.elementor-widget-spacer>.elementor-widget-container>.elementor-spacer>.elementor-spacer-inner{height:var(--container-widget-height,var(--spacer-size))}.e-con-inner>.elementor-widget-spacer.elementor-widget-empty,.e-con>.elementor-widget-spacer.elementor-widget-empty{position:relative;min-height:22px;min-width:22px}.e-con-inner>.elementor-widget-spacer.elementor-widget-empty .elementor-widget-empty-icon,.e-con>.elementor-widget-spacer.elementor-widget-empty .elementor-widget-empty-icon{position:absolute;top:0;bottom:0;left:0;right:0;margin:auto;padding:0;width:22px;height:22px}<\/style>\n<style>\/*! elementor - v3.18.0 - 04-12-2023 *\/\n.elementor-heading-title{padding:0;margin:0;line-height:1}.elementor-widget-heading .elementor-heading-title[class*=elementor-size-]>a{color:inherit;font-size:inherit;line-height:inherit}.elementor-widget-heading .elementor-heading-title.elementor-size-small{font-size:15px}.elementor-widget-heading .elementor-heading-title.elementor-size-medium{font-size:19px}.elementor-widget-heading .elementor-heading-title.elementor-size-large{font-size:29px}.elementor-widget-heading .elementor-heading-title.elementor-size-xl{font-size:39px}.elementor-widget-heading .elementor-heading-title.elementor-size-xxl{font-size:59px}<\/style>\n<h2>NOSOTROS SOMOS TUS<\/h2>\n<h2>EXPERTOS EN CONSTRUCCI\u00d3N<\/h2>\n<p>\t\t\t<a href=\"https:\/\/api.whatsapp.com\/send?phone=529971105834&#038;text=Hola,%20quisiera%20mas%20informaci%C3%B3n%20sobre%20MAEMS%20por%20favor\"><br \/>\n\t\t\t\t\t\tCotiza tu proyecto<br \/>\n\t\t\t\t\t<\/a><\/p>\n<h2>LA EXPERIENCIA NOS RESPALDA<\/h2>\n<h2>M\u00c1S DE 20 A\u00d1OS <\/h2>\n<p>Llevamos a\u00f1os trabajando m\u00faltiples proyectos, especializ\u00e1ndonos principalmente en las obras gubernamentales como la construcci\u00f3n de caminos, parques, avenidas, calles, etc.&nbsp;<\/p>\n<h2>NUESTROS<\/h2>\n<h2>\u00daLTIMOS TRABAJOS<\/h2>\n<style>\/*! elementor - v3.18.0 - 04-12-2023 *\/\n.elementor-image-gallery .gallery-item{display:inline-block;text-align:center;vertical-align:top;width:100%;max-width:100%;margin:0 auto}.elementor-image-gallery .gallery-item img{margin:0 auto}.elementor-image-gallery .gallery-item .gallery-caption{margin:0}.elementor-image-gallery figure img{display:block}.elementor-image-gallery figure figcaption{width:100%}.gallery-spacing-custom .elementor-image-gallery .gallery-icon{padding:0}@media (min-width:768px){.elementor-image-gallery .gallery-columns-2 .gallery-item{max-width:50%}.elementor-image-gallery .gallery-columns-3 .gallery-item{max-width:33.33%}.elementor-image-gallery .gallery-columns-4 .gallery-item{max-width:25%}.elementor-image-gallery .gallery-columns-5 .gallery-item{max-width:20%}.elementor-image-gallery .gallery-columns-6 .gallery-item{max-width:16.666%}.elementor-image-gallery .gallery-columns-7 .gallery-item{max-width:14.28%}.elementor-image-gallery .gallery-columns-8 .gallery-item{max-width:12.5%}.elementor-image-gallery .gallery-columns-9 .gallery-item{max-width:11.11%}.elementor-image-gallery .gallery-columns-10 .gallery-item{max-width:10%}}@media (min-width:480px) and (max-width:767px){.elementor-image-gallery .gallery.gallery-columns-2 .gallery-item,.elementor-image-gallery .gallery.gallery-columns-3 .gallery-item,.elementor-image-gallery .gallery.gallery-columns-4 .gallery-item,.elementor-image-gallery .gallery.gallery-columns-5 .gallery-item,.elementor-image-gallery .gallery.gallery-columns-6 .gallery-item,.elementor-image-gallery .gallery.gallery-columns-7 .gallery-item,.elementor-image-gallery .gallery.gallery-columns-8 .gallery-item,.elementor-image-gallery .gallery.gallery-columns-9 .gallery-item,.elementor-image-gallery .gallery.gallery-columns-10 .gallery-item{max-width:50%}}@media (max-width:479px){.elementor-image-gallery .gallery.gallery-columns-2 .gallery-item,.elementor-image-gallery .gallery.gallery-columns-3 .gallery-item,.elementor-image-gallery .gallery.gallery-columns-4 .gallery-item,.elementor-image-gallery .gallery.gallery-columns-5 .gallery-item,.elementor-image-gallery .gallery.gallery-columns-6 .gallery-item,.elementor-image-gallery .gallery.gallery-columns-7 .gallery-item,.elementor-image-gallery .gallery.gallery-columns-8 .gallery-item,.elementor-image-gallery .gallery.gallery-columns-9 .gallery-item,.elementor-image-gallery .gallery.gallery-columns-10 .gallery-item{max-width:100%}}<\/style>\n<figure class='gallery-item'>\n\t\t\t\t<a data-elementor-open-lightbox=\"yes\" data-elementor-lightbox-slideshow=\"993ee50\" data-elementor-lightbox-title=\"131069453_158935709307918_3309515899439662574_n\" data-e-action-hash=\"#elementor-action%3Aaction%3Dlightbox%26settings%3DeyJpZCI6NDAsInVybCI6Imh0dHBzOlwvXC9jb25zdHJ1Y3RvcmFtYWVtcy5jb21cL3dwLWNvbnRlbnRcL3VwbG9hZHNcLzIwMjNcLzAxXC8xMzEwNjk0NTNfMTU4OTM1NzA5MzA3OTE4XzMzMDk1MTU4OTk0Mzk2NjI1NzRfbi5qcGciLCJzbGlkZXNob3ciOiI5OTNlZTUwIn0%3D\" href='https:\/\/constructoramaems.com\/wp-content\/uploads\/2023\/01\/131069453_158935709307918_3309515899439662574_n.jpg'><img loading=\"lazy\" width=\"768\" height=\"768\" src=\"https:\/\/constructoramaems.com\/wp-content\/uploads\/2023\/01\/131069453_158935709307918_3309515899439662574_n-768x768.jpg\" alt=\"\" decoding=\"async\" srcset=\"https:\/\/constructoramaems.com\/wp-content\/uploads\/2023\/01\/131069453_158935709307918_3309515899439662574_n-768x768.jpg 768w, https:\/\/constructoramaems.com\/wp-content\/uploads\/2023\/01\/131069453_158935709307918_3309515899439662574_n-300x300.jpg 300w, https:\/\/constructoramaems.com\/wp-content\/uploads\/2023\/01\/131069453_158935709307918_3309515899439662574_n-150x150.jpg 150w, https:\/\/constructoramaems.com\/wp-content\/uploads\/2023\/01\/131069453_158935709307918_3309515899439662574_n-475x475.jpg 475w, https:\/\/constructoramaems.com\/wp-content\/uploads\/2023\/01\/131069453_158935709307918_3309515899439662574_n.jpg 900w\" sizes=\"(max-width: 768px) 100vw, 768px\" \/><\/a><br \/>\n\t\t\t<\/figure>\n<figure class='gallery-item'>\n\t\t\t\t<a data-elementor-open-lightbox=\"yes\" data-elementor-lightbox-slideshow=\"993ee50\" data-elementor-lightbox-title=\"131892102_162985002236322_1526880635091934994_n\" data-e-action-hash=\"#elementor-action%3Aaction%3Dlightbox%26settings%3DeyJpZCI6MzksInVybCI6Imh0dHBzOlwvXC9jb25zdHJ1Y3RvcmFtYWVtcy5jb21cL3dwLWNvbnRlbnRcL3VwbG9hZHNcLzIwMjNcLzAxXC8xMzE4OTIxMDJfMTYyOTg1MDAyMjM2MzIyXzE1MjY4ODA2MzUwOTE5MzQ5OTRfbi5qcGciLCJzbGlkZXNob3ciOiI5OTNlZTUwIn0%3D\" href='https:\/\/constructoramaems.com\/wp-content\/uploads\/2023\/01\/131892102_162985002236322_1526880635091934994_n.jpg'><img loading=\"lazy\" width=\"768\" height=\"768\" src=\"https:\/\/constructoramaems.com\/wp-content\/uploads\/2023\/01\/131892102_162985002236322_1526880635091934994_n-768x768.jpg\" alt=\"\" decoding=\"async\" srcset=\"https:\/\/constructoramaems.com\/wp-content\/uploads\/2023\/01\/131892102_162985002236322_1526880635091934994_n-768x768.jpg 768w, https:\/\/constructoramaems.com\/wp-content\/uploads\/2023\/01\/131892102_162985002236322_1526880635091934994_n-300x300.jpg 300w, https:\/\/constructoramaems.com\/wp-content\/uploads\/2023\/01\/131892102_162985002236322_1526880635091934994_n-150x150.jpg 150w, https:\/\/constructoramaems.com\/wp-content\/uploads\/2023\/01\/131892102_162985002236322_1526880635091934994_n-475x475.jpg 475w, https:\/\/constructoramaems.com\/wp-content\/uploads\/2023\/01\/131892102_162985002236322_1526880635091934994_n.jpg 900w\" sizes=\"(max-width: 768px) 100vw, 768px\" \/><\/a><br \/>\n\t\t\t<\/figure>\n<figure class='gallery-item'>\n\t\t\t\t<a data-elementor-open-lightbox=\"yes\" data-elementor-lightbox-slideshow=\"993ee50\" data-elementor-lightbox-title=\"131669009_162985028902986_7934385862860633060_n\" data-e-action-hash=\"#elementor-action%3Aaction%3Dlightbox%26settings%3DeyJpZCI6MzgsInVybCI6Imh0dHBzOlwvXC9jb25zdHJ1Y3RvcmFtYWVtcy5jb21cL3dwLWNvbnRlbnRcL3VwbG9hZHNcLzIwMjNcLzAxXC8xMzE2NjkwMDlfMTYyOTg1MDI4OTAyOTg2Xzc5MzQzODU4NjI4NjA2MzMwNjBfbi5qcGciLCJzbGlkZXNob3ciOiI5OTNlZTUwIn0%3D\" href='https:\/\/constructoramaems.com\/wp-content\/uploads\/2023\/01\/131669009_162985028902986_7934385862860633060_n.jpg'><img loading=\"lazy\" width=\"768\" height=\"768\" src=\"https:\/\/constructoramaems.com\/wp-content\/uploads\/2023\/01\/131669009_162985028902986_7934385862860633060_n-768x768.jpg\" alt=\"\" decoding=\"async\" srcset=\"https:\/\/constructoramaems.com\/wp-content\/uploads\/2023\/01\/131669009_162985028902986_7934385862860633060_n-768x768.jpg 768w, https:\/\/constructoramaems.com\/wp-content\/uploads\/2023\/01\/131669009_162985028902986_7934385862860633060_n-300x300.jpg 300w, https:\/\/constructoramaems.com\/wp-content\/uploads\/2023\/01\/131669009_162985028902986_7934385862860633060_n-150x150.jpg 150w, https:\/\/constructoramaems.com\/wp-content\/uploads\/2023\/01\/131669009_162985028902986_7934385862860633060_n-475x475.jpg 475w, https:\/\/constructoramaems.com\/wp-content\/uploads\/2023\/01\/131669009_162985028902986_7934385862860633060_n.jpg 900w\" sizes=\"(max-width: 768px) 100vw, 768px\" \/><\/a><br \/>\n\t\t\t<\/figure>\n<figure class='gallery-item'>\n\t\t\t\t<a data-elementor-open-lightbox=\"yes\" data-elementor-lightbox-slideshow=\"993ee50\" data-elementor-lightbox-title=\"131454369_162975525570603_5223840742813805911_n\" data-e-action-hash=\"#elementor-action%3Aaction%3Dlightbox%26settings%3DeyJpZCI6MzcsInVybCI6Imh0dHBzOlwvXC9jb25zdHJ1Y3RvcmFtYWVtcy5jb21cL3dwLWNvbnRlbnRcL3VwbG9hZHNcLzIwMjNcLzAxXC8xMzE0NTQzNjlfMTYyOTc1NTI1NTcwNjAzXzUyMjM4NDA3NDI4MTM4MDU5MTFfbi5qcGciLCJzbGlkZXNob3ciOiI5OTNlZTUwIn0%3D\" href='https:\/\/constructoramaems.com\/wp-content\/uploads\/2023\/01\/131454369_162975525570603_5223840742813805911_n.jpg'><img loading=\"lazy\" width=\"768\" height=\"768\" src=\"https:\/\/constructoramaems.com\/wp-content\/uploads\/2023\/01\/131454369_162975525570603_5223840742813805911_n-768x768.jpg\" alt=\"\" decoding=\"async\" srcset=\"https:\/\/constructoramaems.com\/wp-content\/uploads\/2023\/01\/131454369_162975525570603_5223840742813805911_n-768x768.jpg 768w, https:\/\/constructoramaems.com\/wp-content\/uploads\/2023\/01\/131454369_162975525570603_5223840742813805911_n-300x300.jpg 300w, https:\/\/constructoramaems.com\/wp-content\/uploads\/2023\/01\/131454369_162975525570603_5223840742813805911_n-150x150.jpg 150w, https:\/\/constructoramaems.com\/wp-content\/uploads\/2023\/01\/131454369_162975525570603_5223840742813805911_n-475x475.jpg 475w, https:\/\/constructoramaems.com\/wp-content\/uploads\/2023\/01\/131454369_162975525570603_5223840742813805911_n.jpg 900w\" sizes=\"(max-width: 768px) 100vw, 768px\" \/><\/a><br \/>\n\t\t\t<\/figure>\n<h2>CLIENTES QUE CONF\u00cdAN EN NOSOTROS<\/h2>\n<style>\/*! elementor - v3.18.0 - 04-12-2023 *\/\n.elementor-widget-image-carousel .swiper,.elementor-widget-image-carousel .swiper-container{position:static}.elementor-widget-image-carousel .swiper-container .swiper-slide figure,.elementor-widget-image-carousel .swiper .swiper-slide figure{line-height:inherit}.elementor-widget-image-carousel .swiper-slide{text-align:center}.elementor-image-carousel-wrapper:not(.swiper-container-initialized):not(.swiper-initialized) .swiper-slide{max-width:calc(100% \/ var(--e-image-carousel-slides-to-show, 3))}<\/style>\n<figure><img decoding=\"async\" src=\"https:\/\/constructoramaems.com\/wp-content\/uploads\/2023\/02\/308596009_198225895908893_2003537789724068133_n.jpg\" alt=\"308596009_198225895908893_2003537789724068133_n\" \/><\/figure>\n<figure><img decoding=\"async\" src=\"https:\/\/constructoramaems.com\/wp-content\/uploads\/2023\/02\/240951278_101905525567651_9221762696741945189_n.jpg\" alt=\"240951278_101905525567651_9221762696741945189_n\" \/><\/figure>\n<figure><img decoding=\"async\" src=\"https:\/\/constructoramaems.com\/wp-content\/uploads\/2023\/02\/306389880_189882613424622_6732599367453020526_n.jpg\" alt=\"306389880_189882613424622_6732599367453020526_n\" \/><\/figure>\n<figure><img decoding=\"async\" src=\"https:\/\/constructoramaems.com\/wp-content\/uploads\/2023\/02\/278336457_308542884677726_7230923999440043461_n.jpg\" alt=\"278336457_308542884677726_7230923999440043461_n\" \/><\/figure>\n<figure><img decoding=\"async\" src=\"https:\/\/constructoramaems.com\/wp-content\/uploads\/2023\/02\/9289-0709958677.png\" alt=\"9289-0709958677\" \/><\/figure>\n<figure><img decoding=\"async\" src=\"https:\/\/constructoramaems.com\/wp-content\/uploads\/2023\/02\/p_MyrKFl_400x400.jpg\" alt=\"p_MyrKFl_400x400\" \/><\/figure>\n","protected":false},"excerpt":{"rendered":"<p>NOSOTROS SOMOS TUS EXPERTOS EN CONSTRUCCI\u00d3N Cotiza tu proyecto LA EXPERIENCIA NOS RESPALDA M\u00c1S DE 20 A\u00d1OS Llevamos a\u00f1os trabajando m\u00faltiples proyectos, especializ\u00e1ndonos principalmente en las obras gubernamentales como la construcci\u00f3n de caminos, parques, avenidas, calles, etc.&nbsp; NUESTROS \u00daLTIMOS TRABAJOS CLIENTES QUE CONF\u00cdAN EN NOSOTROS<\/p>\n","protected":false},"author":1,"featured_media":0,"parent":0,"menu_order":0,"comment_status":"closed","ping_status":"closed","template":"","meta":{"site-sidebar-layout":"no-sidebar","site-content-layout":"page-builder","ast-global-header-display":"","ast-banner-title-visibility":"","ast-main-header-display":"","ast-hfb-above-header-display":"","ast-hfb-below-header-display":"","ast-hfb-mobile-header-display":"","site-post-title":"disabled","ast-breadcrumbs-content":"","ast-featured-img":"disabled","footer-sml-layout":"","theme-transparent-header-meta":"","adv-header-id-meta":"","stick-header-meta":"","header-above-stick-meta":"","header-main-stick-meta":"","header-below-stick-meta":"","footnotes":""},"class_list":["post-77","page","type-page","status-publish","hentry"],"_links":{"self":[{"href":"https:\/\/constructoramaems.com\/index.php?rest_route=\/wp\/v2\/pages\/77"}],"collection":[{"href":"https:\/\/constructoramaems.com\/index.php?rest_route=\/wp\/v2\/pages"}],"about":[{"href":"https:\/\/constructoramaems.com\/index.php?rest_route=\/wp\/v2\/types\/page"}],"author":[{"embeddable":true,"href":"https:\/\/constructoramaems.com\/index.php?rest_route=\/wp\/v2\/users\/1"}],"replies":[{"embeddable":true,"href":"https:\/\/constructoramaems.com\/index.php?rest_route=%2Fwp%2Fv2%2Fcomments&post=77"}],"version-history":[{"count":16,"href":"https:\/\/constructoramaems.com\/index.php?rest_route=\/wp\/v2\/pages\/77\/revisions"}],"predecessor-version":[{"id":99,"href":"https:\/\/constructoramaems.com\/index.php?rest_route=\/wp\/v2\/pages\/77\/revisions\/99"}],"wp:attachment":[{"href":"https:\/\/constructoramaems.com\/index.php?rest_route=%2Fwp%2Fv2%2Fmedia&parent=77"}],"curies":[{"name":"wp","href":"https:\/\/api.w.org\/{rel}","templated":true}]}}